{"id":55223,"date":"2019-11-03T15:48:02","date_gmt":"2019-11-03T15:48:02","guid":{"rendered":"https:\/\/europameister.htl-baden.ac.at\/?page_id=55223"},"modified":"2020-01-29T15:20:37","modified_gmt":"2020-01-29T15:20:37","slug":"project-partners","status":"publish","type":"page","link":"https:\/\/europameister.htl-baden.ac.at\/index.php\/project-partners\/","title":{"rendered":"Project partners"},"content":{"rendered":"<p>[vc_row css=&#8220;.vc_custom_1572800597301{padding-bottom: 50px !important;}&#8220;][vc_column width=&#8220;1\/4&#8243; css=&#8220;.vc_custom_1572800936501{padding-bottom: 25px !important;}&#8220;][vc_single_image image=&#8220;55191&#8243; img_size=&#8220;large&#8220; onclick=&#8220;custom_link&#8220; img_link_target=&#8220;_blank&#8220; css_animation=&#8220;flipInX&#8220; image_hovers=&#8220;false&#8220; link=&#8220;https:\/\/confederatiebouw.be&#8220; css=&#8220;.vc_custom_1572800396606{border-top-width: 1px !important;border-right-width: 1px !important;border-bottom-width: 1px !important;border-left-width: 1px !important;background-position: center !important;background-repeat: no-repeat !important;background-size: cover !important;border-left-color: #efefef !important;border-left-style: solid !important;border-right-color: #efefef !important;border-right-style: solid !important;border-top-color: #efefef !important;border-top-style: solid !important;border-bottom-color: #efefef !important;border-bottom-style: solid !important;}&#8220;][\/vc_column][vc_column width=&#8220;3\/4&#8243;][vc_column_text]<\/p>\n<p id=\"u279409-43\"><span id=\"u279409-2\" class=\"lauftext-17-semi shared_content\" data-content-guid=\"u279409-2_content\">CONFEDERATION NATIONALE DE LA CONSTRUCTION ASBL<\/span><\/p>\n<p>Rue du Lombard 34-42, 1000 Bruxelles, <span id=\"u279409-3\" class=\"lauftext-17-reg shared_content\" data-content-guid=\"u279409-3_content\">Belgium<\/span><\/p>\n<p>[\/vc_column_text][\/vc_column][\/vc_row][vc_row css=&#8220;.vc_custom_1572800597301{padding-bottom: 50px !important;}&#8220;][vc_column width=&#8220;1\/4&#8243; css=&#8220;.vc_custom_1572800936501{padding-bottom: 25px !important;}&#8220;][vc_single_image image=&#8220;55206&#8243; img_size=&#8220;large&#8220; onclick=&#8220;custom_link&#8220; img_link_target=&#8220;_blank&#8220; css_animation=&#8220;flipInX&#8220; image_hovers=&#8220;false&#8220; link=&#8220;https:\/\/htl-baden.ac.at&#8220; css=&#8220;.vc_custom_1572801156255{border-top-width: 1px !important;border-right-width: 1px !important;border-bottom-width: 1px !important;border-left-width: 1px !important;background-position: center !important;background-repeat: no-repeat !important;background-size: cover !important;border-left-color: #efefef !important;border-left-style: solid !important;border-right-color: #efefef !important;border-right-style: solid !important;border-top-color: #efefef !important;border-top-style: solid !important;border-bottom-color: #efefef !important;border-bottom-style: solid !important;}&#8220;][\/vc_column][vc_column width=&#8220;3\/4&#8243;][vc_column_text]<\/p>\n<p id=\"u279409-43\"><span id=\"u279409-10\" class=\"lauftext-17-semi\">HTL Baden, Malerschule Leesdorf &#8211; Gemeinn\u00fctziger Verein der F\u00f6rderer des Malerhandwerks und seiner Bildungsst\u00e4tten<\/span><\/p>\n<p>Leesdorfer Hauptstra\u00dfe 69, 2500 Baden, Austria[\/vc_column_text][\/vc_column][\/vc_row][vc_row css=&#8220;.vc_custom_1572800597301{padding-bottom: 50px !important;}&#8220;][vc_column width=&#8220;1\/4&#8243; css=&#8220;.vc_custom_1572800936501{padding-bottom: 25px !important;}&#8220;][vc_single_image image=&#8220;55204&#8243; img_size=&#8220;large&#8220; onclick=&#8220;custom_link&#8220; img_link_target=&#8220;_blank&#8220; css_animation=&#8220;flipInX&#8220; image_hovers=&#8220;false&#8220; link=&#8220;https:\/\/noemaler-tapezierer.org&#8220; css=&#8220;.vc_custom_1572954628502{border-top-width: 1px !important;border-right-width: 1px !important;border-bottom-width: 1px !important;border-left-width: 1px !important;background-position: center !important;background-repeat: no-repeat !important;background-size: cover !important;border-left-color: #efefef !important;border-left-style: solid !important;border-right-color: #efefef !important;border-right-style: solid !important;border-top-color: #efefef !important;border-top-style: solid !important;border-bottom-color: #efefef !important;border-bottom-style: solid !important;}&#8220;][\/vc_column][vc_column width=&#8220;3\/4&#8243;][vc_column_text]<\/p>\n<p id=\"u279409-43\">Wirtschaftskammer Nieder\u00f6sterreich &#8211; Landesinnung der Maler und Tapezierer<\/p>\n<p>Wirtschaftskammer-Platz 1, 3100 St. P\u00f6lten, Austria<\/p>\n<p>[\/vc_column_text][\/vc_column][\/vc_row][vc_row css=&#8220;.vc_custom_1572800597301{padding-bottom: 50px !important;}&#8220;][vc_column width=&#8220;1\/4&#8243; css=&#8220;.vc_custom_1572800936501{padding-bottom: 25px !important;}&#8220;][vc_single_image image=&#8220;55193&#8243; img_size=&#8220;large&#8220; onclick=&#8220;custom_link&#8220; img_link_target=&#8220;_blank&#8220; css_animation=&#8220;flipInX&#8220; image_hovers=&#8220;false&#8220; link=&#8220;https:\/\/ntim.eu&#8220; css=&#8220;.vc_custom_1572801841280{border-top-width: 1px !important;border-right-width: 1px !important;border-bottom-width: 1px !important;border-left-width: 1px !important;background-position: center !important;background-repeat: no-repeat !important;background-size: cover !important;border-left-color: #efefef !important;border-left-style: solid !important;border-right-color: #efefef !important;border-right-style: solid !important;border-top-color: #efefef !important;border-top-style: solid !important;border-bottom-color: #efefef !important;border-bottom-style: solid !important;}&#8220;][\/vc_column][vc_column width=&#8220;3\/4&#8243;][vc_column_text]<\/p>\n<p id=\"u279409-43\">NTI-MMM Ltd. &#8211; Multilateral Monitoring &amp; Management<br \/>\nP.O.Box 79 Nordstrand, NO-1112 Oslo, Norway<\/p>\n<p>[\/vc_column_text][\/vc_column][\/vc_row][vc_row css=&#8220;.vc_custom_1572800597301{padding-bottom: 50px !important;}&#8220;][vc_column width=&#8220;1\/4&#8243; css=&#8220;.vc_custom_1572800936501{padding-bottom: 25px !important;}&#8220;][vc_single_image image=&#8220;55203&#8243; img_size=&#8220;large&#8220; onclick=&#8220;custom_link&#8220; img_link_target=&#8220;_blank&#8220; css_animation=&#8220;flipInX&#8220; image_hovers=&#8220;false&#8220; link=&#8220;http:\/\/www.ozs.si&#8220; css=&#8220;.vc_custom_1572801947269{border-top-width: 1px !important;border-right-width: 1px !important;border-bottom-width: 1px !important;border-left-width: 1px !important;background-position: center !important;background-repeat: no-repeat !important;background-size: cover !important;border-left-color: #efefef !important;border-left-style: solid !important;border-right-color: #efefef !important;border-right-style: solid !important;border-top-color: #efefef !important;border-top-style: solid !important;border-bottom-color: #efefef !important;border-bottom-style: solid !important;}&#8220;][\/vc_column][vc_column width=&#8220;3\/4&#8243;][vc_column_text]<\/p>\n<p id=\"u279409-43\">OBRTNO-PODJETNISKA ZBORNICA SLOVENIJE &#8211; Chamber of Craft and small Business of Slovenia (OZS)<\/p>\n<p>Celovska cesta 71, 1000 Ljubljana, Slovenia<\/p>\n<p>&nbsp;<\/p>\n<p>[\/vc_column_text][\/vc_column][\/vc_row][vc_row css=&#8220;.vc_custom_1572800605960{padding-bottom: 50px !important;}&#8220;][vc_column width=&#8220;1\/4&#8243; css=&#8220;.vc_custom_1572801042744{padding-bottom: 25px !important;}&#8220;][vc_single_image image=&#8220;55195&#8243; img_size=&#8220;large&#8220; onclick=&#8220;custom_link&#8220; img_link_target=&#8220;_blank&#8220; css_animation=&#8220;flipInX&#8220; image_hovers=&#8220;false&#8220; link=&#8220;https:\/\/sbg-dresden.de&#8220; css=&#8220;.vc_custom_1572800451341{border-top-width: 1px !important;border-right-width: 1px !important;border-bottom-width: 1px !important;border-left-width: 1px !important;background-position: center !important;background-repeat: no-repeat !important;background-size: cover !important;border-left-color: #efefef !important;border-left-style: solid !important;border-right-color: #efefef !important;border-right-style: solid !important;border-top-color: #efefef !important;border-top-style: solid !important;border-bottom-color: #efefef !important;border-bottom-style: solid !important;}&#8220;][\/vc_column][vc_column width=&#8220;3\/4&#8243;][vc_column_text]<\/p>\n<p id=\"u279409-43\"><span id=\"u279409-41\" class=\"lauftext-17-semi shared_content\" data-content-guid=\"u279409-41_content\">S\u00e4chsische Bildungsgesellschaft f\u00fcr Umweltschutz und Chemieberufe Dresden mbH<\/span><\/p>\n<p>Gutenbergstra\u00dfe 6, 01307 Dresden, <span id=\"u279409-41\" class=\"lauftext-17-semi shared_content\" data-content-guid=\"u279409-41_content\">Germany<\/span><\/p>\n<p>[\/vc_column_text][\/vc_column][\/vc_row][vc_row css=&#8220;.vc_custom_1572800605960{padding-bottom: 50px !important;}&#8220;][vc_column width=&#8220;1\/4&#8243; css=&#8220;.vc_custom_1572801042744{padding-bottom: 25px !important;}&#8220;][vc_single_image image=&#8220;55196&#8243; img_size=&#8220;large&#8220; onclick=&#8220;custom_link&#8220; img_link_target=&#8220;_blank&#8220; css_animation=&#8220;flipInX&#8220; image_hovers=&#8220;false&#8220; link=&#8220;http:\/\/uniep.eu&#8220; css=&#8220;.vc_custom_1572802057264{border-top-width: 1px !important;border-right-width: 1px !important;border-bottom-width: 1px !important;border-left-width: 1px !important;background-position: center !important;background-repeat: no-repeat !important;background-size: cover !important;border-left-color: #efefef !important;border-left-style: solid !important;border-right-color: #efefef !important;border-right-style: solid !important;border-top-color: #efefef !important;border-top-style: solid !important;border-bottom-color: #efefef !important;border-bottom-style: solid !important;}&#8220;][\/vc_column][vc_column width=&#8220;3\/4&#8243;][vc_column_text]<\/p>\n<p id=\"u279409-43\">UNIEP \u2013 Union Internationale des Entrepreneurs de Peinture \u2013 International Association of Painting Contractors<\/p>\n<p>Rue de Tr\u00e8ves 45, B-1040 Brussels, Belgium[\/vc_column_text][\/vc_column][\/vc_row]<\/p>\n","protected":false},"excerpt":{"rendered":"<p>[vc_row css=&#8220;.vc_custom_1572800597301{padding-bottom: 50px !important;}&#8220;][vc_column width=&#8220;1\/4&#8243; css=&#8220;.vc_custom_1572800936501{padding-bottom: 25px !important;}&#8220;][vc_single_image image=&#8220;55191&#8243; img_size=&#8220;large&#8220; onclick=&#8220;custom_link&#8220; img_link_target=&#8220;_blank&#8220; css_animation=&#8220;flipInX&#8220; image_hovers=&#8220;false&#8220; link=&#8220;https:\/\/confederatiebouw.be&#8220; css=&#8220;.vc_custom_1572800396606{border-top-width: 1px !important;border-right-width: 1px !important;border-bottom-width: 1px !important;border-left-width: 1px !important;background-position: center !important;background-repeat: no-repeat !important;background-size: cover !important;border-left-color: #efefef !important;border-left-style: solid !important;border-right-color: #efefef !important;border-right-style: solid !important;border-top-color: #efefef !important;border-top-style: solid !important;border-bottom-color: #efefef !important;border-bottom-style: solid !important;}&#8220;][\/vc_column][vc_column width=&#8220;3\/4&#8243;][vc_column_text] CONFEDERATION NATIONALE DE LA CONSTRUCTION ASBL Rue du&hellip;<\/p>\n","protected":false},"author":1,"featured_media":0,"parent":0,"menu_order":0,"comment_status":"closed","ping_status":"closed","template":"","meta":{"footnotes":""},"class_list":["post-55223","page","type-page","status-publish","hentry","description-off"],"_links":{"self":[{"href":"https:\/\/europameister.htl-baden.ac.at\/index.php\/wp-json\/wp\/v2\/pages\/55223","targetHints":{"allow":["GET"]}}],"collection":[{"href":"https:\/\/europameister.htl-baden.ac.at\/index.php\/wp-json\/wp\/v2\/pages"}],"about":[{"href":"https:\/\/europameister.htl-baden.ac.at\/index.php\/wp-json\/wp\/v2\/types\/page"}],"author":[{"embeddable":true,"href":"https:\/\/europameister.htl-baden.ac.at\/index.php\/wp-json\/wp\/v2\/users\/1"}],"replies":[{"embeddable":true,"href":"https:\/\/europameister.htl-baden.ac.at\/index.php\/wp-json\/wp\/v2\/comments?post=55223"}],"version-history":[{"count":54,"href":"https:\/\/europameister.htl-baden.ac.at\/index.php\/wp-json\/wp\/v2\/pages\/55223\/revisions"}],"predecessor-version":[{"id":55673,"href":"https:\/\/europameister.htl-baden.ac.at\/index.php\/wp-json\/wp\/v2\/pages\/55223\/revisions\/55673"}],"wp:attachment":[{"href":"https:\/\/europameister.htl-baden.ac.at\/index.php\/wp-json\/wp\/v2\/media?parent=55223"}],"curies":[{"name":"wp","href":"https:\/\/api.w.org\/{rel}","templated":true}]}}

<p>[vc_row css=&#8220;.vc_custom_1572800597301{padding-bottom: 50px !important;}&#8220;][vc_column width=&#8220;1/4&#8243; css=&#8220;.vc_custom_1572800936501{padding-bottom: 25px !important;}&#8220;][vc_single_image image=&#8220;55191&#8243; img_size=&#8220;large&#8220; onclick=&#8220;custom_link&#8220; img_link_target=&#8220;_blank&#8220; css_animation=&#8220;flipInX&#8220; image_hovers=&#8220;false&#8220; link=&#8220;https://confederatiebouw.be&#8220; css=&#8220;.vc_custom_1572800396606{border-top-width: 1px !important;border-right-width: 1px !important;border-bottom-width: 1px !important;border-left-width: 1px !important;background-position: center !important;background-repeat: no-repeat !important;background-size: cover !important;border-left-color: #efefef !important;border-left-style: solid !important;border-right-color: #efefef !important;border-right-style: solid !important;border-top-color: #efefef !important;border-top-style: solid !important;border-bottom-color: #efefef !important;border-bottom-style: solid !important;}&#8220;][/vc_column][vc_column width=&#8220;3/4&#8243;][vc_column_text]</p>
<p id="u279409-43"><span id="u279409-2" class="lauftext-17-semi shared_content" data-content-guid="u279409-2_content">CONFEDERATION NATIONALE DE LA CONSTRUCTION ASBL</span></p>
<p>Rue du Lombard 34-42, 1000 Bruxelles, <span id="u279409-3" class="lauftext-17-reg shared_content" data-content-guid="u279409-3_content">Belgium</span></p>
<p>[/vc_column_text][/vc_column][/vc_row][vc_row css=&#8220;.vc_custom_1572800597301{padding-bottom: 50px !important;}&#8220;][vc_column width=&#8220;1/4&#8243; css=&#8220;.vc_custom_1572800936501{padding-bottom: 25px !important;}&#8220;][vc_single_image image=&#8220;55206&#8243; img_size=&#8220;large&#8220; onclick=&#8220;custom_link&#8220; img_link_target=&#8220;_blank&#8220; css_animation=&#8220;flipInX&#8220; image_hovers=&#8220;false&#8220; link=&#8220;https://htl-baden.ac.at&#8220; css=&#8220;.vc_custom_1572801156255{border-top-width: 1px !important;border-right-width: 1px !important;border-bottom-width: 1px !important;border-left-width: 1px !important;background-position: center !important;background-repeat: no-repeat !important;background-size: cover !important;border-left-color: #efefef !important;border-left-style: solid !important;border-right-color: #efefef !important;border-right-style: solid !important;border-top-color: #efefef !important;border-top-style: solid !important;border-bottom-color: #efefef !important;border-bottom-style: solid !important;}&#8220;][/vc_column][vc_column width=&#8220;3/4&#8243;][vc_column_text]</p>
<p id="u279409-43"><span id="u279409-10" class="lauftext-17-semi">HTL Baden, Malerschule Leesdorf &#8211; Gemeinnütziger Verein der Förderer des Malerhandwerks und seiner Bildungsstätten</span></p>
<p>Leesdorfer Hauptstraße 69, 2500 Baden, Austria[/vc_column_text][/vc_column][/vc_row][vc_row css=&#8220;.vc_custom_1572800597301{padding-bottom: 50px !important;}&#8220;][vc_column width=&#8220;1/4&#8243; css=&#8220;.vc_custom_1572800936501{padding-bottom: 25px !important;}&#8220;][vc_single_image image=&#8220;55204&#8243; img_size=&#8220;large&#8220; onclick=&#8220;custom_link&#8220; img_link_target=&#8220;_blank&#8220; css_animation=&#8220;flipInX&#8220; image_hovers=&#8220;false&#8220; link=&#8220;https://noemaler-tapezierer.org&#8220; css=&#8220;.vc_custom_1572954628502{border-top-width: 1px !important;border-right-width: 1px !important;border-bottom-width: 1px !important;border-left-width: 1px !important;background-position: center !important;background-repeat: no-repeat !important;background-size: cover !important;border-left-color: #efefef !important;border-left-style: solid !important;border-right-color: #efefef !important;border-right-style: solid !important;border-top-color: #efefef !important;border-top-style: solid !important;border-bottom-color: #efefef !important;border-bottom-style: solid !important;}&#8220;][/vc_column][vc_column width=&#8220;3/4&#8243;][vc_column_text]</p>
<p id="u279409-43">Wirtschaftskammer Niederösterreich &#8211; Landesinnung der Maler und Tapezierer</p>
<p>Wirtschaftskammer-Platz 1, 3100 St. Pölten, Austria</p>
<p>[/vc_column_text][/vc_column][/vc_row][vc_row css=&#8220;.vc_custom_1572800597301{padding-bottom: 50px !important;}&#8220;][vc_column width=&#8220;1/4&#8243; css=&#8220;.vc_custom_1572800936501{padding-bottom: 25px !important;}&#8220;][vc_single_image image=&#8220;55193&#8243; img_size=&#8220;large&#8220; onclick=&#8220;custom_link&#8220; img_link_target=&#8220;_blank&#8220; css_animation=&#8220;flipInX&#8220; image_hovers=&#8220;false&#8220; link=&#8220;https://ntim.eu&#8220; css=&#8220;.vc_custom_1572801841280{border-top-width: 1px !important;border-right-width: 1px !important;border-bottom-width: 1px !important;border-left-width: 1px !important;background-position: center !important;background-repeat: no-repeat !important;background-size: cover !important;border-left-color: #efefef !important;border-left-style: solid !important;border-right-color: #efefef !important;border-right-style: solid !important;border-top-color: #efefef !important;border-top-style: solid !important;border-bottom-color: #efefef !important;border-bottom-style: solid !important;}&#8220;][/vc_column][vc_column width=&#8220;3/4&#8243;][vc_column_text]</p>
<p id="u279409-43">NTI-MMM Ltd. &#8211; Multilateral Monitoring &amp; Management<br />
P.O.Box 79 Nordstrand, NO-1112 Oslo, Norway</p>
<p>[/vc_column_text][/vc_column][/vc_row][vc_row css=&#8220;.vc_custom_1572800597301{padding-bottom: 50px !important;}&#8220;][vc_column width=&#8220;1/4&#8243; css=&#8220;.vc_custom_1572800936501{padding-bottom: 25px !important;}&#8220;][vc_single_image image=&#8220;55203&#8243; img_size=&#8220;large&#8220; onclick=&#8220;custom_link&#8220; img_link_target=&#8220;_blank&#8220; css_animation=&#8220;flipInX&#8220; image_hovers=&#8220;false&#8220; link=&#8220;http://www.ozs.si&#8220; css=&#8220;.vc_custom_1572801947269{border-top-width: 1px !important;border-right-width: 1px !important;border-bottom-width: 1px !important;border-left-width: 1px !important;background-position: center !important;background-repeat: no-repeat !important;background-size: cover !important;border-left-color: #efefef !important;border-left-style: solid !important;border-right-color: #efefef !important;border-right-style: solid !important;border-top-color: #efefef !important;border-top-style: solid !important;border-bottom-color: #efefef !important;border-bottom-style: solid !important;}&#8220;][/vc_column][vc_column width=&#8220;3/4&#8243;][vc_column_text]</p>
<p id="u279409-43">OBRTNO-PODJETNISKA ZBORNICA SLOVENIJE &#8211; Chamber of Craft and small Business of Slovenia (OZS)</p>
<p>Celovska cesta 71, 1000 Ljubljana, Slovenia</p>
<p>&nbsp;</p>
<p>[/vc_column_text][/vc_column][/vc_row][vc_row css=&#8220;.vc_custom_1572800605960{padding-bottom: 50px !important;}&#8220;][vc_column width=&#8220;1/4&#8243; css=&#8220;.vc_custom_1572801042744{padding-bottom: 25px !important;}&#8220;][vc_single_image image=&#8220;55195&#8243; img_size=&#8220;large&#8220; onclick=&#8220;custom_link&#8220; img_link_target=&#8220;_blank&#8220; css_animation=&#8220;flipInX&#8220; image_hovers=&#8220;false&#8220; link=&#8220;https://sbg-dresden.de&#8220; css=&#8220;.vc_custom_1572800451341{border-top-width: 1px !important;border-right-width: 1px !important;border-bottom-width: 1px !important;border-left-width: 1px !important;background-position: center !important;background-repeat: no-repeat !important;background-size: cover !important;border-left-color: #efefef !important;border-left-style: solid !important;border-right-color: #efefef !important;border-right-style: solid !important;border-top-color: #efefef !important;border-top-style: solid !important;border-bottom-color: #efefef !important;border-bottom-style: solid !important;}&#8220;][/vc_column][vc_column width=&#8220;3/4&#8243;][vc_column_text]</p>
<p id="u279409-43"><span id="u279409-41" class="lauftext-17-semi shared_content" data-content-guid="u279409-41_content">Sächsische Bildungsgesellschaft für Umweltschutz und Chemieberufe Dresden mbH</span></p>
<p>Gutenbergstraße 6, 01307 Dresden, <span id="u279409-41" class="lauftext-17-semi shared_content" data-content-guid="u279409-41_content">Germany</span></p>
<p>[/vc_column_text][/vc_column][/vc_row][vc_row css=&#8220;.vc_custom_1572800605960{padding-bottom: 50px !important;}&#8220;][vc_column width=&#8220;1/4&#8243; css=&#8220;.vc_custom_1572801042744{padding-bottom: 25px !important;}&#8220;][vc_single_image image=&#8220;55196&#8243; img_size=&#8220;large&#8220; onclick=&#8220;custom_link&#8220; img_link_target=&#8220;_blank&#8220; css_animation=&#8220;flipInX&#8220; image_hovers=&#8220;false&#8220; link=&#8220;http://uniep.eu&#8220; css=&#8220;.vc_custom_1572802057264{border-top-width: 1px !important;border-right-width: 1px !important;border-bottom-width: 1px !important;border-left-width: 1px !important;background-position: center !important;background-repeat: no-repeat !important;background-size: cover !important;border-left-color: #efefef !important;border-left-style: solid !important;border-right-color: #efefef !important;border-right-style: solid !important;border-top-color: #efefef !important;border-top-style: solid !important;border-bottom-color: #efefef !important;border-bottom-style: solid !important;}&#8220;][/vc_column][vc_column width=&#8220;3/4&#8243;][vc_column_text]</p>
<p id="u279409-43">UNIEP – Union Internationale des Entrepreneurs de Peinture – International Association of Painting Contractors</p>
<p>Rue de Trèves 45, B-1040 Brussels, Belgium[/vc_column_text][/vc_column][/vc_row]</p>
